-3*h**3 + 16*h**2 + 297*h - 816. Calculate t(-9).
-6
Let j(m) = m**3 - 79*m**2 + 175*m + 4012. Calculate j(76).
-16
Let d(a) = a**2 + 4503*a + 62784. What is d(-14)?
-62
Let o(z) = 2113*z + 88733. Determine o(-42).
-13
Let m(f) = 5*f + 144. Determine m(-2).
134
Let i(k) = -48*k**3 - 29*k**2 - 22*k - 4. What is i(-2)?
308
Let i(y) = 468*y**2 + 11700*y - 92. What is i(-25)?
-92
Let x(p) = 1107685*p + 48738136. Determine x(-44).
-4
Let j(h) = -28623*h - 92. Calculate j(0).
-92
Let v(f) = 29*f**2 + 1821*f + 833. Determine v(-62).
-593
Let g(d) = -d**2 + 411*d - 42208. Determine g(211).
-8
Let z(y) = -4*y**3 + 388*y**2 + 2005*y - 23. Give z(-5).
152
Let h(o) = 39*o**3 + 57487*o**2 + 1392*o - 120865. Give h(-1474).
3
Let j(l) = 70*l**2 + 67*l - 132. Determine j(2).
282
Let u(z) = -z**2 - 2279574*z - 2279574. Give u(-1).
-1
Let l(p) = -5*p**2 + 1164*p - 17537. Give l(15).
-1202
Let d(i) = -977465*i + 5864801. Calculate d(6).
11
Let c(t) = t**3 + 75*t**2 - 309*t + 785. What is c(-79)?
232
Let h(o) = -5*o**3 - 208*o**2 + 114*o + 1580. Give h(-42).
320
Let a(j) = 5516*j - 38. Give a(0).
-38
Let g(h) = -h**3 - 2158*h**2 - 125907*h - 1622. Give g(-60).
-2
Let v(o) = 496560*o + 3972478. Give v(-8).
-2
Let f(u) = -u**3 - 198*u**2 - 447*u - 10816. Calculate f(-196).
-36
Let h(d) = -1023*d - 65588. Determine h(-64).
-116
Let v(j) = 65*j**2 - 37447*j + 78633. Calculate v(574).
-5
Let t(j) = -89*j**3 + 2*j**2 + 19*j - 35. Calculate t(2).
-701
Let r(b) = -b**3 + 81*b**2 + 157*b + 590. Give r(83).
-157
Let t(d) = 4120*d + 20569. Calculate t(-5).
-31
Let z(l) = l**3 - 26*l**2 - 432*l + 871. Give z(37).
-54
Let m(j) = -72145*j - 2957953. Determine m(-41).
-8
Let u(g) = -7*g**2 + 881*g + 1030. What is u(127)?
14
Let y(m) = 62644*m + 8707504. What is y(-139)?
-12
Let u(l) = 87*l**2 + 2461*l + 680. Calculate u(-28).
-20
Let d(o) = -o**3 + 55*o**2 - 384*o + 2162. Calculate d(48).
-142
Let t(c) = 8*c**2 - 70*c - 460. Determine t(-7).
422
Let a(d) = -326*d + 9914. What is a(31)?
-192
Let r(a) = -377*a**2 + 2705*a - 3. Determine r(7).
459
Let s(d) = -885*d**2 - 1748*d + 33. Give s(-2).
-11
Let i(s) = -s**2 + 377*s - 37597. Determine i(174).
-2275
Let o(y) = -10160*y - 507695. What is o(-50)?
305
Let s(k) = -15313*k + 1393511. Give s(91).
28
Let t(x) = x**3 - 133*x**2 - 5898*x + 3027. Give t(168).
3
Let c(r) = -128*r - 12445. What is c(-95)?
-285
Let x(g) = -8*g**3 + 1223*g**2 + 338*g - 28309. Give x(153).
-4
Let m(g) = 2*g**2 - 72*g - 808. Calculate m(44).
-104
Let l(p) = 43135*p - 560766. Give l(13).
-11
Let u(v) = 21*v**2 + 2470*v - 7405. Calculate u(3).
194
Let m(a) = -a**3 - 90*a**2 - 1640*a + 5890. Calculate m(-31).
31
Let i(s) = -288*s + 8472. What is i(30)?
-168
Let x(m) = 15783*m - 1136400. Determine x(72).
-24
Let u(f) = -f**3 + 266*f**2 - 4229*f - 1000. Give u(249).
-4
Let l(s) = -4*s**3 + 79*s**2 + 32*s + 174. Determine l(21).
-1359
Let v(i) = 2*i**2 - 61*i + 428. Calculate v(26).
194
Let a(x) = -165511*x - 496558. Calculate a(-3).
-25
Let y(x) = 143*x**2 - 9982*x - 105. Determine y(70).
1855
Let o(s) = -s**2 + 792*s - 16947. What is o(22)?
-7
Let s(f) = -760*f + 79799. Calculate s(105).
-1
Let k(s) = -2*s**3 - 73*s**2 + 10*s - 665. Give k(-37).
334
Let f(d) = -289*d + 110373. What is f(382)?
-25
Let x(c) = 181*c**2 - 1388*c + 744. What is x(7)?
-103
Let t(f) = f**2 + 81*f - 3192. What is t(24)?
-672
Let f(q) = -6947*q + 5835479. Determine f(840).
-1
Let b(f) = -168894*f + 1688937. Give b(10).
-3
Let i(r) = 184*r**2 - 7070*r - 54. Give i(38).
-3018
Let f(b) = b**3 - 93*b**2 - 199*b + 760. Determine f(95).
-95
Let m(a) = 15400*a + 61571. What is m(-4)?
-29
Let h(s) = -2983*s - 3014. Calculate h(-1).
-31
Let s(p) = -4*p**2 + 2668*p - 167177. Determine s(597).
-17
Let x(c) = c**3 + 58*c**2 + 162*c + 8996. Calculate x(-58).
-400
Let d(p) = 38*p**2 + 125*p - 323. What is d(-8)?
1109
Let w(q) = 14*q**2 + 936*q + 15632. What is w(-34)?
-8
Let x(h) = -h**2 - 7814*h - 13545928. What is x(-2596)?
0
Let v(i) = 522*i + 17503. What is v(-32)?
799
Let b(f) = -255*f**2 + 131616*f - 18571. Give b(516).
5
Let p(h) = h**3 + 7*h**2 - 8*h - 139. Determine p(-11).
-535
Let w(y) = 5*y**2 + 1265*y - 1716992. What is w(473)?
-2
Let s(b) = -46*b - 6337. Calculate s(-101).
-1691
Let k(m) = -105688*m + 24202546. What is k(229)?
-6
Let j(z) = -6*z**3 + z**2 + 155*z - 309. Determine j(2).
-43
Let w(r) = r**2 + 25*r + 429. Calculate w(-25).
429
Let q(g) = -8*g**2 + 917*g - 6074. Determine q(7).
-47
Let d(k) = 21200*k + 84811. Determine d(-4).
11
Let t(n) = 20380*n - 692913. Determine t(34).
7
Let b(y) = -y**3 - 35*y**2 + 1289*y + 44939. What is b(-37)?
-16
Let z(d) = -415*d + 3672. Determine z(9).
-63
Let y(d) = -210*d**2 + 1023*d - 27. Calculate y(5).
-162
Let c(s) = -s**3 + 44*s**2 + 259*s - 7730. Determine c(46).
-48
Let i(b) = -376105*b + 77477632. Calculate i(206).
2
Let z(o) = -o**2 - 857*o - 140141. Calculate z(-637).
-1
Let p(v) = -53*v**2 - 3504*v - 526. Calculate p(-66).
-130
Let k(v) = 2*v**3 - 982*v**2 - 7975*v - 4626. Give k(499).
-135
Let y(v) = v**2 + 22679*v + 882967. What is y(-39)?
7
Let q(y) = y**3 - 20*y**2 + 276*y - 5751. Calculate q(18).
-1431
Let q(a) = 501*a + 1449. Give q(-2).
447
Let b(u) = 3*u**3 + 9*u**2 + 4*u - 147. Give b(-4).
-211
Let k(z) = -11*z**2 + 220*z + 1369. What is k(25)?
-6
Let s(h) = 901*h + 5525. Calculate s(-6).
119
Let p(q) = -37*q**2 + 1965*q - 206. Calculate p(53).
6
Let d(m) = 44*m**2 + 1232*m - 1278. Give d(-29).
-2
Let x(m) = 11400*m + 10054. Determine x(-1).
-1346
Let z(s) = 68*s**3 - 190*s**2 - 193*s. Give z(-1).
-65
Let p(n) = 115*n**3 - 344*n**2 + 19*n - 10. What is p(3)?
56
Let f(i) = 34*i**2 + 8169*i + 55526. Give f(-7).
9
Let m(a) = -4*a**2 - 2293*a - 137865. What is m(-505)?
0
Let y(m) = 2476*m**2 + 27240*m + 29. What is y(-11)?
-15
Let l(n) = -9*n**3 + 804*n**2 - 270*n + 284. What is l(89)?
17
Let g(p) = 2631*p - 81528. Give g(31).
33
Let q(o) = 37653*o + 37658. Give q(-1).
5
Let u(h) = -h**3 - 2*h**2 - 11*h + 185. Give u(14).
-3105
Let a(c) = -14*c**3 + 15*c**2 + 35*c + 108. What is a(-4)?
1104
Let l(z) = 2*z**2 + 40323*z - 605315. Calculate l(15).
-20
Let m(s) = -3*s**2 + 1149*s - 108511. Determine m(169).
-13
Let j(a) = 4*a**2 - 114*a + 386. Determine j(25).
36
Let z(d) = 3*d**3 - 66*d**2 - 72*d + 78. Give z(23).
9
Let v(d) = d**3 - 64*d**2 - 6083*d + 389343. Determine v(64).
31
Let q(r) = 2734*r + 183148. Give q(-67).
-30
Let j(u) = 1562*u - 126. Determine j(0).
-126
Let a(w) = -1649923*w + 44547915. What is a(27)?
-6
Let o(r) = 2655*r + 18549. What is o(-7)?
-36
Let g(k) = -13*k + 1148. Give g(131).
-555
Let j(o) = -1206005*o + 8442026. Give j(7).
-9
Let v(l) = 6*l**2 + 1038*l - 372. Determine v(-175).
1728
Let j(i) = -i**3 + 14*i**2 + 2347*i + 323. Give j(56).
43
Let d(m) = -2*m**2 - 68*m + 2128. Calculate d(14).
784
Let b(w) = 1025*w - 520745. What is b(508)?
-45
Let d(c) = -2*c**3 - 14*c**2 - 70*c + 39. Give d(-10).
1339
Let a(o) = -o**3 - 182*o**2 - 8143*o - 546. What is a(-103)?
72
Let j(g) = -160267*g + 160277. Determine j(1).
10
Let o(b) = -6*b**3 - 115*b**2 - 40*b + 6. Calculate o(-19).
405
Let l(c) = 24*c**2 - 531*c + 2916. What is l(11)?
-21
Let j(w) = -51865*w - 259327. Determine j(-5).
-2
Let i(t) = -2*t**2 - 420*t - 18180. What is i(-61)?
-2
Let k(g) = -680*g + 327779. Calculate k(482).
19
Let i(s) = 141*s + 382. What is i(-10)?
-1028
Let m(r) = 7*r**3 + 64*r**2 + 26*r + 90. What is m(-9)?
-63
Let r(v) = -2*v**3 - 31*v**2 - 11*v - 57. What is r(-15)?
-117
Let s(a) = a**3 - 270*a**2 - 1040*a - 15743. Determine s(274).
-399
Let s(x) = 120*x + 1489. Determine s(-12).
49
Let w(k) = 24*k**2 - 594*k + 262. What is w(24)?
-170
Let k(f) = 3446*f + 22391. Determine k(-6).
1715
Let n(l) = 168*l**2 - 2186*l + 57. What is n(13)?
31
Let c(z) = -7*z**3 - 2*z**2 + 70*z - 150. Determine c(3).
-147
Let x(p) = 35*p**2 + 467*p + 1216. Determine x(-8).
-280
Let p(h) = h**2 - 4*h - 17173. What is p(-129)?
-16
Let c(o) = -3*o**2 + 850*o + 3903. What is c(-5)?
-422
Let t(f) = 3*f**2 - 340*f + 9456. Determine t(64).
-16
Let v(l) = -450881*l - 1803529. Determine v(-4).
-5
Let n(p) = p**3 - 8*p**2 - 307*p - 480. What is n(22)?
-458
Let i(x) = 8*x**3 + 153*x**2 - 33*x - 934. What is i(-19)?
54
Let u(x) = 142936*x + 14579458. Give u(-102